t n(r) = 472*r - 472*r + 2 + 461*r**2. Let h be n(-1). Suppose -h = -4*t + 3093. Is t a prime number?
False
Is ((-21)/(-12))/(35195/403420 - (-16)/(-184)) a prime number?
False
Let o(v) = -37317*v - 727. Is o(-2) prime?
True
Is (-418092)/(-15) + -2 + 476/(-70) + 7 a prime number?
False
Let t(p) = -893*p + 1230. Is t(-64) composite?
True
Let q(z) = 8*z - 8 - 11 + 10 + 37*z**2. Let f be q(4). Let m = 1008 + f. Is m composite?
True
Let i = 52942 + -28985. Is i a composite number?
False
Let a = 240 - 243. Is (3/a)/(11/(-30173)) a prime number?
False
Suppose 7*u = u + 2*u. Suppose -4*f = d - u*f - 1420, 3*d = -5*f + 4295. Let p = d - 722. Is p a composite number?
True
Let f = -48 + 56. Suppose 5*y - 13 = -2*v, -5*y = -f*y - 2*v + 7. Suppose y*x + j + j - 857 = 0, 2*j = -10. Is x prime?
False
Suppose -3*z = 2*z, -z + 10 = 5*m. Suppose 39 = f - 4*w, m + 4 = -2*w. Is ((-306)/f)/(4/(-30)) composite?
True
Suppose 4*h + 26 = -6. Let w(p) = 7*p**2 - 5*p + 8. Let z be w(h). Let f = z + 651. Is f a composite number?
True
Let j = 45337 + -24278. Is j prime?
True
Let j = 5175 + -1594. Let q = -1690 + j. Is q composite?
True
Let g = 36 + -32. Let r(n) = 13*n**2 + g*n**2 - 13*n - 15 + 5*n. Is r(8) a prime number?
True
Is ((75 - 64) + (-15)/2)*18188/7 prime?
False
Suppose -17*f + 402352 = -543579. Is f composite?
True
Suppose 3*i - 5*d - 109741 = 0, 2*i + 3*d - 94324 = -21138. Suppose -3*f + w = -i, 3*f - 3*w + 5*w = 36599. Is f a prime number?
True
Let i(z) = -z**3 + 21*z**2 + 18*z + 87. Let p be i(22). Let t(c) = -6145*c**3 - c**2 - 6*c - 5. Is t(p) prime?
False
Suppose -142*d = -139*d + 5*u - 120413, -5*u = 2*d - 80272. Is d a prime number?
False
Suppose 42 = 2*n + 2*g, 3*g - 41 + 12 = -n. Suppose -m + n = 22, -f + m + 772 = 0. Is f a composite number?
True
Suppose 42*c = 78*c - 107964. Is c prime?
True
Suppose -o = 3*n + 101, -3*o = -2 - 10. Let b be (n/(-14))/(2/4). Suppose w + 0*w - 2316 = -v, -2312 = -w - b*v. Is w prime?
False
Let o = 51343 - 30284. Is o a composite number?
False
Suppose 0 = i + 2*y - 233403, -12 = 91*y - 94*y. Is i composite?
True
Let h(r) = -3*r**2 - 2*r + 3. Let a be h(0). Let p be (4*-2 + a)/(-1). Suppose 9*v = 4*v - 20, p*o - 4*v - 1461 = 0. Is o prime?
False
Let m(q) be the second derivative of 2/3*q**4 - 1/2*q**3 + 1/2*q**2 - 11*q + 0. Is m(-3) prime?
False
Let p(q) = -q**3 + 10*q**2 + 3*q - 25. Let s be (-3 - 2) + -6 + 21. Let w be p(s). Suppose -w*t + t + 1012 = 0. Is t prime?
False
Let t(s) = -94822*s + 1515. Is t(-2) a composite number?
True
Let s(k) = -2*k**2 - 20*k - 34. Let o be s(-12). Is 38417/o*(2 - -20)/(-1) a composite number?
True
Let l = -6633 - -10486. Let c = 136 + l. Is c prime?
True
Let g(t) = 774*t**3 + 11*t**2 + 17*t - 47. Is g(3) a composite number?
False
Suppose 23775*z = 23781*z - 3088578. Is z a composite number?
True
Let c(s) = 24*s**2 + 14*s - 23. Let q be c(10). Let b = 5768 - q. Is b composite?
False
Let u(f) be the second derivative of -28*f**3/3 - 7*f**2/2 - 66*f. Let z be 6/1*(-8)/3. Is u(z) composite?
True
Let m = 426 - 1. Let q = m + 3222. Is q prime?
False
Let n(c) be the first derivative of -183*c**2/2 - 25*c + 171. Is n(-16) a composite number?
False
Let i(a) = -2*a**3 + 2*a**2 - 8*a + 22. Let l(n) = n**3 - n**2 + 1. Let q(m) = -i(m) - l(m). Is q(12) a composite number?
False
Let z(p) = -49*p**3 + 6*p**2 - p. Let a be z(8). Let r = -14791 - a. Suppose -r = -5*v - 2206. Is v prime?
True
Let n(y) = -y + 43. Let o be n(14). Let a(l) = 59 - 2*l - 31 + o. Is a(-6) a composite number?
True
Suppose -16*n + 11*n = 15. Let d = 1 - n. Suppose -2*q + 678 = d*v, q - 5*v - 1006 = -2*q. Is q a prime number?
True
Let a(m) = m + 8. Let g be a(-3). Suppose g*k = 2*f - 6713, 0 = 4*k - 5*k - 3. Is f prime?
False
Let u be (12/15)/((-3)/(-9045)). Suppose u = 4*p - 1128. Let w = p - 259. Is w a composite number?
True
Let w(a) = -9*a**3 + a**2 - a - 6. Suppose 3*p + 6 = -0, -3*b + 62 = -4*p. Suppose -4*d = 2*d + b. Is w(d) a composite number?
True
Let r be 4 + 72/(-20) + (-16)/(-10). Suppose -28 = -6*i + r*i + z, 0 = i + 3*z + 6. Suppose -i*a - 9*a = -16545. Is a prime?
True
Let q be (-10 - -5)/(2/(-8)). Suppose -5*u = 3*h - 10495, -3*u + q*h + 6297 = 17*h. Is u a composite number?
False
Let z(f) = -f**3 - f - 17. Let k(v) = 5*v**3 - 2*v**2 - 7*v + 9. Let l be k(3). Let d be (-59)/7 + 45/l. Is z(d) composite?
False
Let a(k) be the second derivative of k**4/6 - k**3/2 - 6*k**2 - k. Suppose 221*n + 1120 + 869 = 0. Is a(n) composite?
True
Is 2*91366/(-88)*2/(-1) prime?
True
Let h = -88 - -101. Suppose -h*j + 101514 = -6659. Is j prime?
False
Is ((-419873)/8)/(3/(-9)*117/312) a composite number?
False
Suppose 8340251 = -2*m + 457369. Is 3/(-4) - m/92 a prime number?
True
Let c(b) = -17497*b**3 - 65*b**2 - 205*b + 1. Is c(-4) a composite number?
False
Let m(o) = 2*o + 19. Let p(a) = -7*a. Let w(b) = 3*b. Let g(i) = 2*p(i) + 5*w(i). Let t(q) = -6*g(q) - m(q). Is t(-9) composite?
False
Let v be (-5)/(-5 - 0) - -3. Suppose 4070 = 5*b - 5*d, -5*b + v*d - 7*d + 4078 = 0. Is b prime?
False
Let m be (75/10)/(6/8). Let z = -679 + 817. Suppose -m*w = -h - 5*w + z, -535 = -4*h + 3*w. Is h prime?
False
Let x(h) = h**3 - 14*h**2 + 4*h - 19. Suppose 3*y - 4*y = u, -5*y + 16 = -3*u. Suppose y*l = c + 37, l + l = 3*c + 47. Is x(l) a prime number?
True
Suppose 3*x - 6 = -4*p - 3, -4*x = 4*p. Is ((-19002)/18 - 9)*p/(-2) prime?
True
Let z(x) = x**2 + 16*x - 226. Let u be z(9). Suppose 26 = 3*n - 4. Is (n + 588)/(2 - u - 1) prime?
False
Suppose 0 = 5*h - 44 + 329. Let l = -42 - h. Is (-144054)/(-30) - (0 - (-12)/l) prime?
True
Let q(y) be the second derivative of -105*y**3/2 - 19*y**2/2 - y - 37. Is q(-6) a composite number?
False
Suppose -3*v + 1465335 = -5*k, 28*k + 1465299 = 3*v + 29*k. Is v a prime number?
False
Let o(u) = -u**3 - 7*u**2 - 4*u + 2. Let v be o(-4). Let b = -28 - v. Suppose 314 + 164 = b*z. Is z composite?
False
Let k(y) = -2*y + 28. Let s be k(11). Is (-138644)/66*(-9)/s prime?
False
Let d = 3789 - 2674. Let b(m) = 6*m**3 - m**2 + 99*m - 538. Let v be b(7). Let t = v - d. Is t a prime number?
True
Let d be (3/(-6))/(12/(-1251552)). Suppose -b = 4*m - 5*b - d, 0 = 3*m - 4*b - 39115. Is m a prime number?
True
Let d = 548878 + -345681. Is d a composite number?
True
Suppose -2 = 2*o + m - 14, 4*o + m - 22 = 0. Let x(w) = 3*w - 13. Let n be x(o). Suppose 91 = n*v - 23. Is v composite?
True
Let l be -1*1 + (4 - (-8)/2). Suppose 425 = l*m - 912. Is m prime?
True
Let m(r) = 551*r + 43. Let l be m(8). Let u be (l/2)/1 - 3/6. Suppose -5*g + u = -0*g. Is g prime?
False
Let d(w) = -59*w + 17. Let t be d(-7). Let i = -53 + t. Is i - -6*(4/12 - 0) prime?
True
Let t(k) = -k**3 - k**2 - 9*k - 10. Let w be t(-4). Let a = w + -154. Let p = a + 114. Is p prime?
False
Suppose 0 = 6*s + l - 1349811, 3*s - 29*l - 674901 = -31*l. Is s a composite number?
False
Let p = 7977 + -2566. Is p a composite number?
True
Let h = -8902 + 8505. Suppose -194 = x + 2*i, -4 = -0*i + 4*i. Let y = x - h. Is y prime?
False
Is (-252598324)/(-1284) + (-2)/3 prime?
True
Let p(j) = -20*j**3 - 6*j**2 - 3*j - 5. Let q(g) = -7*g + 3. Let a(w) = w - 6. Let c be a(7). Let o be q(c). Is p(o) prime?
False
Suppose 6*r - 3*r - 4*k - 175979 = 0, 3*r = -4*k + 175963. Is r a prime number?
True
Let x = -660014 - -949943. Is x a composite number?
True
Let o(j) = -1234*j**2 + 39 + 1391*j**2 + 12. Is o(-8) a composite number?
False
Let q = -123344 + 323673. Is q prime?
True
Let g be 6 - (-2 + 1 - -3). Let b = -4599 + 4602. Is g - (b/12 + 55307/(-28)) prime?
True
Is (-164)/(-12)*(-8)/((-40)/16305) a composite number?
True
Let c = 7508 - 311. Let i = 10418 - c. Is i prime?
True
Suppose 2*s - 12 + 76 = 0. Let t = s + 34. Suppose 2*x - 15290 = -4*z, -3*z + 334 = t*x - 14952. Is x a composite number?
True
Let z = 17211 + 23482. Is z a prime number?
True
Let y(v) = 1256*v**3 + 2*v**2 - 13*v + 27. Suppose 11*j = 7*j - 4, 0 = 5*i + j - 9. Is y(i) composite?
True
Suppose -4*v + 6*v - 3*y = 178603, -3*v - 2*y + 267859 = 0. Is v a prime number?
False
Let y(f) = -f**3 - 5*f**2 + 27*f + 414. Is y(-11) composite?
True
Suppose -3405*w + 3352*w = -10735097. Is w a prime number?
True
Suppose -161 = -4*i + 51. Let q = i - 66. Is (-3*25 + 2)*q composite?
True
Let q = 96 - 90. Is (2 - 5715/q)*-2 